reatest common divisor of 225 and 1413.
9
Calculate the greatest common divisor of 5625 and 7625.
125
What is the greatest common divisor of 181049 and 2869?
151
Calculate the highest common factor of 960 and 13248.
192
What is the greatest common factor of 135131 and 1?
1
What is the greatest common factor of 21086 and 130?
26
Calculate the greatest common factor of 246 and 126362.
82
Calculate the highest common factor of 1219286 and 474.
158
Calculate the greatest common divisor of 1166 and 14416.
106
What is the highest common divisor of 21441 and 168?
21
Calculate the greatest common divisor of 25896 and 6864.
312
Calculate the greatest common divisor of 24 and 91514.
2
What is the greatest common divisor of 14409 and 414?
9
What is the greatest common divisor of 31944 and 24?
24
What is the highest common divisor of 304 and 51452?
76
What is the highest common factor of 12393 and 3451?
17
Calculate the highest common divisor of 494 and 750880.
494
What is the greatest common factor of 62379 and 12006?
261
What is the highest common divisor of 189332 and 2288?
572
What is the greatest common factor of 393 and 4433302?
131
What is the highest common divisor of 894 and 227523?
447
Calculate the highest common factor of 1776 and 390942.
222
Calculate the highest common factor of 20280 and 1224600.
1560
What is the highest common divisor of 708 and 5782?
118
Calculate the highest common factor of 1960 and 1736.
56
Calculate the highest common factor of 32 and 622648.
8
What is the greatest common factor of 105910 and 7735?
595
Calculate the greatest common divisor of 30 and 2077710.
30
What is the highest common divisor of 29036 and 37723?
119
Calculate the highest common factor of 385 and 78610.
35
What is the highest common factor of 1162950 and 450?
150
Calculate the greatest common divisor of 1994 and 1805567.
997
What is the highest common divisor of 560186 and 946?
22
Calculate the greatest common factor of 2052 and 1236.
12
What is the greatest common divisor of 294 and 86044?
98
What is the highest common factor of 2546560 and 280?
40
Calculate the highest common factor of 13889 and 665.
19
What is the highest common factor of 33184 and 170?
34
Calculate the highest common factor of 60979 and 4853.
211
What is the greatest common factor of 60 and 833070?
30
What is the greatest common factor of 589500 and 54?
18
What is the highest common divisor of 191910 and 40?
10
What is the highest common factor of 45721 and 1053?
13
Calculate the greatest common factor of 55713 and 3032.
379
What is the greatest common divisor of 16 and 7064?
8
What is the highest common divisor of 13021 and 2987?
29
Calculate the greatest common divisor of 112825 and 100.
25
Calculate the greatest common divisor of 201 and 297681.
201
What is the highest common factor of 630170 and 232?
58
Calculate the greatest common divisor of 700 and 1316.
28
What is the highest common factor of 176 and 253506?
22
What is the greatest common divisor of 523 and 52823?
523
What is the highest common divisor of 45716 and 121?
11
Calculate the highest common divisor of 4499 and 278529.
409
What is the highest common divisor of 138910 and 2320?
290
Calculate the greatest common divisor of 66 and 167673.
33
What is the greatest common factor of 725 and 39005?
145
What is the greatest common divisor of 5 and 1314345?
5
What is the highest common factor of 319095 and 3360?
105
Calculate the greatest common factor of 1056 and 27168.
96
Calculate the highest common divisor of 3812165 and 1204.
301
Calculate the highest common divisor of 46764 and 621.
27
What is the highest common divisor of 3131 and 3782?
31
Calculate the greatest common factor of 31652 and 246.
82
What is the greatest common factor of 782 and 368?
46
What is the highest common divisor of 574 and 20482?
14
Calculate the greatest common divisor of 2 and 12158.
2
What is the greatest common factor of 167 and 176?
1
Calculate the highest common factor of 25 and 71975.
25
Calculate the highest common factor of 15639 and 117.
39
What is the greatest common divisor of 177 and 282669?
177
What is the greatest common factor of 42 and 140000?
14
Calculate the greatest common factor of 134 and 5427.
67
Calculate the highest common divisor of 38 and 269458.
38
Calculate the greatest common factor of 15548 and 437.
23
Calculate the greatest common divisor of 108 and 637443.
27
Calculate the greatest common factor of 1833 and 1014.
39
Calculate the highest common factor of 3 and 1383927.
3
Calculate the greatest common divisor of 188 and 1312804.
188
What is the highest common divisor of 355402 and 34?
34
Calculate the highest common divisor of 681 and 130979.
227
Calculate the highest common divisor of 65 and 48217.
13
Calculate the greatest common divisor of 24 and 14656.
8
What is the highest common divisor of 16983 and 1332?
333
Calculate the highest common factor of 711 and 1210359.
237
What is the greatest common factor of 62532 and 21708?
324
What is the greatest common divisor of 34 and 8167786?
34
Calculate the highest common factor of 123148 and 68.
68
Calculate the highest common factor of 133510 and 3926.
26
Calculate the highest common factor of 1354669 and 62.
31
What is the greatest common factor of 23127 and 3558?
1779
Calculate the greatest common factor of 352 and 9317.
11
What is the greatest common factor of 292916 and 258?
86
What is the greatest common divisor of 140 and 2590980?
140
What is the highest common divisor of 204 and 71332?
68
Calculate the highest common factor of 82 and 7058.
2
Calculate the greatest common divisor of 1470 and 1630.
10
What is the highest common factor of 88465 and 13?
13
Calculate the highest common divisor of 561 and 1518.
33
Calculate the greatest common divisor of 310 and 4510810.
310
What is the highest common divisor of 474921 and 9?
9
What is the greatest common divisor of 96352 and 344?
8
Calculate the highest common factor of 648 and 490536.
648
Calculate the greatest common divisor of 2751 and 7.
7
Calculate the highest common divisor of 4023164 and 2152.
1076
Calculate the highest common divisor of 173159 and 1706.
853
What is the highest common factor of 133014 and 42?
42
What is the highest common divisor of 203448 and 72?
24
Calculate the greatest common divisor of 4075803 and 131.
131
Calculate the greatest common divisor of 420 and 560.
140
Calculate the highest common divisor of 15516 and 6516.
36
Calculate the greatest common factor of 13 and 378365.
13
What is the highest common divisor of 10 and 28295?
5
Calculate the highest common factor of 249 and 743348.
83
Calculate the greatest common factor of 7474 and 5959.
101
Calculate the highest common factor of 67134 and 8.
2
Calculate the highest common divisor of 24 and 388656.
24
Calculate the greatest common factor of 4984 and 36668.
356
Calculate the highest common divisor of 1931 and 5.
1
Calculate the highest common factor of 5123524 and 1148.
1148
Calculate the greatest common divisor of 12832 and 392.
8
Calculate the highest common divisor of 46164 and 1896.
12
Calculate the greatest common factor of 15447 and 1197.
57
What is the greatest common factor of 64533 and 3512?
439
What is the greatest common factor of 212 and 15174854?
106
What is the highest common factor of 1106 and 6818?
14
Calculate the highest common factor of 479775 and 75.
75
Calculate the greatest common factor of 784 and 848.
16
What is the greatest common factor of 1695 and 125?
5
What is the highest common factor of 18879 and 492652?
899
Calculate the highest common factor of 36 and 2358.
18
Calculate the greatest common divisor of 1988014 and 714.
238
What is the greatest common factor of 530 and 385310?
530
Calculate the highest common factor of 3072 and 120.
24
Calculate the greatest common divisor of 910 and 360955.
35
Calculate the greatest common divisor of 448 and 5076.
4
Calculate the greatest common divisor of 147205 and 9481.
499
Calculate the greatest common divisor of 99 and 10467.
9
Calculate the highest common factor of 202092 and 19903.
1531
Calculate the greatest common divisor of 35 and 12929.
7
What is the highest common divisor of 1682 and 242?
2
Calculate the greatest common factor of 10508 and 7100.
284
